{"id":866,"date":"2020-12-14T15:54:48","date_gmt":"2020-12-14T19:54:48","guid":{"rendered":"http:\/\/jornalismo.ufms.br\/projetil\/?page_id=866"},"modified":"2021-08-09T16:07:14","modified_gmt":"2021-08-09T20:07:14","slug":"projetil-95","status":"publish","type":"page","link":"https:\/\/jornalismo-faalc.ufms.br\/projetil\/projetil-95\/","title":{"rendered":"Proj\u00e9til #95"},"content":{"rendered":"\n<div class=\"wp-block-image\"><figure class=\"aligncenter size-large\"><img loading=\"lazy\" decoding=\"async\" width=\"520\" height=\"600\" src=\"https:\/\/jornalismo-faalc.ufms.br\/projetil\/wp-content\/uploads\/sites\/2\/2020\/12\/capa.jpg\" alt=\"\" class=\"wp-image-880\" srcset=\"https:\/\/jornalismo-faalc.ufms.br\/projetil\/wp-content\/uploads\/sites\/2\/2020\/12\/capa.jpg 520w, https:\/\/jornalismo-faalc.ufms.br\/projetil\/wp-content\/uploads\/sites\/2\/2020\/12\/capa-260x300.jpg 260w, https:\/\/jornalismo-faalc.ufms.br\/projetil\/wp-content\/uploads\/sites\/2\/2020\/12\/capa-400x462.jpg 400w\" sizes=\"auto, (max-width: 520px) 100vw, 520px\" \/><\/figure><\/div>\n\n\n\n<p>Um ano incomum: 2020 merece ao menos ser tratado assim. Poder\u00edamos usar outros adjetivos menos nobres para nome\u00e1-lo, mas isso enfocaria s\u00f3 uma das in\u00fameras facetas dele.<\/p>\n\n\n\n<p>Leia <a href=\"https:\/\/jornalismo-faalc.ufms.br\/projetil\/atipico\/\">aqui<\/a> o Editorial da edi\u00e7\u00e3o #95, e conhe\u00e7a <a href=\"https:\/\/jornalismo-faalc.ufms.br\/projetil\/expediente-95\/\">aqui<\/a> a equipe que a produziu.<\/p>\n\n\n\n<hr class=\"wp-block-separator\"\/>\n\n\n\n<h2><span style=\"color: #ff0000;\">Di\u00e1rio de confinamento<\/span><\/h2>\n<p>Uma conversa franca sobre expectativas com os autores da tirinha mais papo reto da atualidade<\/p>\n<p><a href=\"https:\/\/jornalismo-faalc.ufms.br\/projetil\/confinamento\/\" data-wplink-url-error=\"true\">Leia a entrevista<\/a><\/p>\n\n\n\n<hr class=\"wp-block-separator\"\/>\n\n\n\n<h2><span style=\"color: #ff0000;\">Reportagens<\/span><\/h2>\n\n\n<ul class=\"wp-block-latest-posts__list aligncenter wp-block-latest-posts\"><li><a class=\"wp-block-latest-posts__post-title\" href=\"https:\/\/jornalismo-faalc.ufms.br\/projetil\/%ef%bb%bfadaptacao-profissional\/\">\ufeffAdapta\u00e7\u00e3o profissional<\/a><\/li>\n<li><a class=\"wp-block-latest-posts__post-title\" href=\"https:\/\/jornalismo-faalc.ufms.br\/projetil\/o-crescimento-dos-esports\/\">O crescimento dos eSports<\/a><\/li>\n<li><a class=\"wp-block-latest-posts__post-title\" href=\"https:\/\/jornalismo-faalc.ufms.br\/projetil\/%ef%bb%bfmaos-que-ajudam\/\">\ufeffM\u00e3os que ajudam<\/a><\/li>\n<li><a class=\"wp-block-latest-posts__post-title\" href=\"https:\/\/jornalismo-faalc.ufms.br\/projetil\/%ef%bb%bfmulheres-e-a-pandemia\/\">\ufeffMulheres e a pandemia<\/a><\/li>\n<\/ul>\n\n\n<hr class=\"wp-block-separator\"\/>\n\n\n\n<h2><span style=\"color: #ff0000;\">Quem tem medo do Pantanal?<\/span><\/h2>\n\n\n\n<p>Estamos tapando os olhos para a riqueza e a import\u00e2ncia do Pantanal? Aprendemos que ele \u00e9 a maior plan\u00edcie alag\u00e1vel do planeta, casa de on\u00e7as, jacar\u00e9s, araras, in\u00fameras plantas&#8230; Mas esquecemos de tentar entender o que isso, de fato, significa e porque importa. &#8220;Ah, mas todo ano o Pantanal queima&#8221;, falamos sentados no sof\u00e1 assistindo o fogo transformar porcentagens dolorosas de fauna e flora em cinzas. Voc\u00ea entende a import\u00e2ncia do bioma? Voc\u00ea tem medo de perd\u00ea-lo?<\/p>\n<p><a href=\"https:\/\/jornalismo-faalc.ufms.br\/projetil\/quem-tem-medo-do-pantanal\/\">Confira aqui<\/a><\/p>\n\n\n\n<hr class=\"wp-block-separator\"\/>\n\n\n\n<h2><span style=\"color: #ff0000;\">Artigos &amp; Resenhas<br><\/span><\/h2>\n\n\n<ul class=\"wp-block-latest-posts__list aligncenter wp-block-latest-posts\"><li><a class=\"wp-block-latest-posts__post-title\" href=\"https:\/\/jornalismo-faalc.ufms.br\/projetil\/%ef%bb%bfliteraturanegrasalva\/\">\ufeff#LiteraturaNegraSalva<\/a><\/li>\n<li><a class=\"wp-block-latest-posts__post-title\" href=\"https:\/\/jornalismo-faalc.ufms.br\/projetil\/arquibancadas-vazias-mesmos-placares\/\">Arquibancadas vazias, mesmos placares<\/a><\/li>\n<li><a class=\"wp-block-latest-posts__post-title\" href=\"https:\/\/jornalismo-faalc.ufms.br\/projetil\/o-sangue-nativo-ainda-corre\/\">O sangue nativo ainda corre<\/a><\/li>\n<li><a class=\"wp-block-latest-posts__post-title\" href=\"https:\/\/jornalismo-faalc.ufms.br\/projetil\/%ef%bb%bfa-luta-dos-animais-pantaneiros\/\">\ufeffA luta dos animais pantaneiros<\/a><\/li>\n<li><a class=\"wp-block-latest-posts__post-title\" href=\"https:\/\/jornalismo-faalc.ufms.br\/projetil\/silenciosa-e-intensificada-pela-pandemia\/\">Silenciosa e intensificada pela pandemia<\/a><\/li>\n<\/ul>\n\n\n<hr class=\"wp-block-separator\"\/>\n\n\n\n<figure class=\"wp-block-embed is-type-rich is-provider-issuu wp-block-embed-issuu\"><div class=\"wp-block-embed__wrapper\">\n<div data-url=\"https:\/\/issuu.com\/projetil\/docs\/projetil-95\" style=\"width: 580px; height: 334px;\" class=\"issuuembed\"><\/div><script type=\"text\/javascript\" src=\"\/\/e.issuu.com\/embed.js\" async=\"true\"><\/script>\n<\/div><\/figure>\n","protected":false},"excerpt":{"rendered":"<p>Um ano incomum: 2020 merece ao menos ser tratado assim. Poder\u00edamos usar outros adjetivos menos nobres para nome\u00e1-lo, mas isso enfocaria s\u00f3 uma das in\u00fameras facetas dele. Leia aqui o Editorial da edi\u00e7\u00e3o #95, e conhe\u00e7a aqui a equipe que a produziu. Di\u00e1rio de confinamento Uma conversa franca sobre expectativas com os autores da tirinha [&hellip;]<\/p>\n","protected":false},"author":19,"featured_media":0,"parent":0,"menu_order":0,"comment_status":"closed","ping_status":"closed","template":"","meta":{"footnotes":""},"class_list":["post-866","page","type-page","status-publish","hentry"],"_links":{"self":[{"href":"https:\/\/jornalismo-faalc.ufms.br\/projetil\/wp-json\/wp\/v2\/pages\/866","targetHints":{"allow":["GET"]}}],"collection":[{"href":"https:\/\/jornalismo-faalc.ufms.br\/projetil\/wp-json\/wp\/v2\/pages"}],"about":[{"href":"https:\/\/jornalismo-faalc.ufms.br\/projetil\/wp-json\/wp\/v2\/types\/page"}],"author":[{"embeddable":true,"href":"https:\/\/jornalismo-faalc.ufms.br\/projetil\/wp-json\/wp\/v2\/users\/19"}],"replies":[{"embeddable":true,"href":"https:\/\/jornalismo-faalc.ufms.br\/projetil\/wp-json\/wp\/v2\/comments?post=866"}],"version-history":[{"count":13,"href":"https:\/\/jornalismo-faalc.ufms.br\/projetil\/wp-json\/wp\/v2\/pages\/866\/revisions"}],"predecessor-version":[{"id":1261,"href":"https:\/\/jornalismo-faalc.ufms.br\/projetil\/wp-json\/wp\/v2\/pages\/866\/revisions\/1261"}],"wp:attachment":[{"href":"https:\/\/jornalismo-faalc.ufms.br\/projetil\/wp-json\/wp\/v2\/media?parent=866"}],"curies":[{"name":"wp","href":"https:\/\/api.w.org\/{rel}","templated":true}]}}